factors of 362859081.
3, 13, 331, 28109
List the prime factors of 179070228.
2, 3, 631, 7883
What are the prime factors of 129072225?
3, 5, 19, 53, 1709
List the prime factors of 268096666.
2, 277, 483929
List the prime factors of 5828733.
3, 61, 3539
List the prime factors of 2347605007.
11, 1867, 114311
What are the prime factors of 572413414?
2, 1201, 238307
What are the prime factors of 32890281?
3, 10963427
What are the prime factors of 136307857?
7, 587, 677
What are the prime factors of 3838091?
149, 25759
List the prime factors of 62136933.
3, 107, 193573
What are the prime factors of 32567372?
2, 127, 64109
What are the prime factors of 14075626?
2, 17, 173, 2393
What are the prime factors of 3041729774?
2, 2833, 536839
List the prime factors of 398478043.
2351, 169493
List the prime factors of 3326863573.
11, 397, 457, 1667
List the prime factors of 741576753.
3, 43, 71, 137, 197
What are the prime factors of 8304066?
2, 3, 103, 1493
List the prime factors of 26632373.
26632373
What are the prime factors of 627678643?
4259, 147377
What are the prime factors of 120577158?
2, 3, 13, 17, 1783
What are the prime factors of 5569827?
3, 29, 73, 877
What are the prime factors of 589946329?
7, 1237, 9733
List the prime factors of 3921960857.
7537, 520361
What are the prime factors of 8032994673?
3, 11, 243424081
List the prime factors of 30642039.
3, 3404671
What are the prime factors of 115819618?
2, 2411, 24019
What are the prime factors of 478891807?
1511, 316937
List the prime factors of 1602446786.
2, 801223393
What are the prime factors of 34258491?
3, 1091, 1163
List the prime factors of 3467644187.
7, 521, 797, 1193
List the prime factors of 16816320.
2, 3, 5, 5839
What are the prime factors of 397862015?
5, 43, 1850521
What are the prime factors of 708598887?
3, 179, 227, 5813
What are the prime factors of 145941367?
11, 13, 92779
What are the prime factors of 253293323?
15619, 16217
List the prime factors of 2693328203.
2693328203
What are the prime factors of 28888390?
2, 5, 67, 43117
What are the prime factors of 75005959?
7, 10715137
What are the prime factors of 3363316051?
3363316051
What are the prime factors of 2291238890?
2, 5, 229, 1000541
What are the prime factors of 18521898?
2, 3, 3086983
List the prime factors of 18800237.
2753, 6829
List the prime factors of 137570322.
2, 3, 22928387
What are the prime factors of 85409662?
2, 13, 139, 23633
List the prime factors of 177590663.
19, 409, 22853
List the prime factors of 143450694.
2, 3, 73, 109171
What are the prime factors of 6465752078?
2, 139, 457, 50893
What are the prime factors of 295529554?
2, 211, 700307
List the prime factors of 646568596.
2, 161642149
List the prime factors of 21675087.
3, 7, 73, 1571
What are the prime factors of 543169664?
2, 107, 39659
What are the prime factors of 8084853?
3, 7, 97
What are the prime factors of 2408237444?
2, 107, 157, 35839
List the prime factors of 29192835.
3, 5, 7, 19, 14633
What are the prime factors of 20116932?
2, 3, 11, 257, 593
List the prime factors of 58483433.
53, 1103461
What are the prime factors of 112765855?
5, 19, 1187009
List the prime factors of 296653208.
2, 181, 204871
List the prime factors of 861551140.
2, 5, 29, 1485433
What are the prime factors of 1332696525?
3, 5, 37, 283, 1697
List the prime factors of 1834030306.
2, 917015153
What are the prime factors of 209564181?
3, 269, 86561
List the prime factors of 1072806.
2, 3, 7, 41, 89
What are the prime factors of 100721634?
2, 3, 13, 17, 5843
List the prime factors of 129400465.
5, 29, 30773
List the prime factors of 2898284594.
2, 137, 10577681
What are the prime factors of 690377080?
2, 5, 37, 127, 3673
What are the prime factors of 588894731?
588894731
What are the prime factors of 3763602234?
2, 3, 7, 29869859
List the prime factors of 973728.
2, 3, 7, 23
List the prime factors of 1893534604.
2, 13, 19, 53, 36161
List the prime factors of 191958403.
7, 13, 631, 3343
What are the prime factors of 1661700095?
5, 11, 73, 109, 3797
What are the prime factors of 259052182?
2, 31, 4178261
What are the prime factors of 28512716?
2, 1301, 5479
What are the prime factors of 2271718567?
29, 78335123
What are the prime factors of 416104514?
2, 7, 29721751
List the prime factors of 346928439.
3, 11, 13, 62207
List the prime factors of 448603298.
2, 11, 13, 1568543
What are the prime factors of 46265547?
3, 31, 497479
List the prime factors of 66778711.
19, 103, 34123
What are the prime factors of 6845167683?
3, 97, 211, 4129
What are the prime factors of 2809209239?
2423, 1159393
What are the prime factors of 50379552?
2, 3, 174929
List the prime factors of 34984844.
2, 17, 401, 1283
List the prime factors of 2123516353.
7, 47, 173, 37309
List the prime factors of 5006689240.
2, 5, 7, 19, 887, 1061
What are the prime factors of 90217447?
79, 109, 10477
What are the prime factors of 194914394?
2, 29, 379, 8867
What are the prime factors of 68233421?
68233421
What are the prime factors of 41230930?
2, 5, 13, 31, 787
List the prime factors of 3341956910.
2, 5, 173, 373, 5179
List the prime factors of 13371835.
5, 2674367
List the prime factors of 2763475018.
2, 17, 29, 37, 211, 359
List the prime factors of 64557175.
5, 359, 7193
What are the prime factors of 419681858?
2, 209840929
List the prime factors of 543478.
2, 13, 20903
List the prime factors of 9146606.
2, 7, 103, 6343
What are the prime factors of 761301746?
2, 13691, 27803
What are the prime factors of 5143783067?
5143783067
What are the prime factors of 1420619553?
3, 5846171
What are the prime factors of 952076212?
2, 233, 1021541
List the prime factors of 4597543.
4597543
List the prime factors of 27080888.
2, 3385111
What are the prime factors of 53567209?
53567209
What are the prime factors of 6175720?
2, 5, 181, 853
List the prime factors of 10435493.
10435493
List the prime factors of 244488502.
2, 29, 4215319
List the prime factors of 86001630.
2, 3, 5, 11, 13, 20047
What are the prime factors of 11533313?
11, 67, 15649
List the prime factors of 178724763.
3, 7, 37, 76673
List the prime factors of 1743463135.
5, 17, 23, 891797
List the prime factors of 2750294201.
6037, 455573
What are the prime factors of 37052185?
5, 19, 79, 4937
List the prime factors of 2687891547.
3, 11, 81451259
What are the prime factors of 108756475?
5, 19, 228961
What are the prime factors of 927366322?
2, 431, 769, 1399
List the prime factors of 976246636.
2, 613, 398143
What are the prime factors of 293031109?
7, 23, 29, 62761
What are the prime factors of 108850967?
521, 208927
List the prime factors of 1152206910.
2, 3, 5, 359, 11887
List the prime factors of 33338962.
2, 271, 61511
List the prime factors of 8374137.
3, 2791379
What are the prime factors of 23088375?
3, 5, 6841
What are the prime factors of 996622270?
2, 5, 7, 61, 33343
What are the prime factors of 2753546?
2, 1376773
List the prime factors of 1401102756.
2, 3, 223, 174527
What are the prime factors of 62486271?
3, 17, 29, 14083
List the prime factors of 115904195.
5, 11, 31, 67979
What are the prime factors of 1392710571?
3, 7, 73, 100943
List the prime factors of 86690650.
2, 5, 17, 79, 1291
List the prime factors of 269713329.
3, 43, 101, 127, 163
List the prime factors of 382933278.
2, 3, 7, 13, 149, 523
What are the prime factors of 120604451?
11, 103, 9677
List the prime factors of 261721309.
1831, 142939
List the prime factors of 166095272.
2, 7, 31, 241, 397
List the prime factors of 1293572473.
1293572473
List the prime factors of 58065855.
3, 5, 223, 17359
List the prime factors of 33642747.
3, 881, 4243
List the prime factors of 1032957288.
2, 3, 11, 1304239
What are the prime factors of 245733458?
2, 122866729
What are the prime factors of 4094440179?
3, 1231, 1108703
What are the prime factors of 86948948?
2, 17, 139, 9199
List the prime factors of 7000385.
5, 7, 28573
What are the prime factors of 189601259?
23, 8243533
List the prime factors of 3044063813.
7, 151, 2879909
List the prime factors of 8377600086.
2, 3, 23, 617, 32797
What are the prime factors of 1132344722?
2, 566172361
What are the prime factors of 202814694?
2, 3, 11267483
What are the prime factors of 1297523100?
2, 3, 5, 311, 13907
List the prime factors 